{"id":2047,"date":"2026-01-12T10:13:47","date_gmt":"2026-01-12T09:13:47","guid":{"rendered":"https:\/\/www.vkd.com\/lv-bayern\/?post_type=events&#038;p=2047"},"modified":"2026-01-12T10:13:47","modified_gmt":"2026-01-12T09:13:47","slug":"kochwettbewerb-am-04-05-03-2026","status":"publish","type":"events","link":"https:\/\/www.vkd.com\/lv-bayern\/events\/kochwettbewerb-am-04-05-03-2026\/","title":{"rendered":"Kochwettbewerb am 04. \/ 05.03.2026"},"content":{"rendered":"<p><strong>Hotelberufsschule Viechtach, Flurstra\u00dfe 14, 94234 Viechtach<\/p>\n<p><\/strong><\/p>\n<p>Die Euro-Toques Challenge ist ein Kochwettbewerb f\u00fcr den kulinarischen Nachwuchs. Fordern und f\u00f6rdern junger Talente steht bei diesem Wettbewerb im Vordergrund. Es geht darum, ein kreatives Sechs-G\u00e4nge-Men\u00fc aus sechs Fingerfood-Speisen f\u00fcr 15 Personen zuzubereiten, dabei muss einer der G\u00e4nge eine Suppe sein, einer ein s\u00fc\u00dfes Dessert.<\/p>\n<p><strong>\u00a0<\/strong><\/p>\n","protected":false},"featured_media":2048,"template":"","meta":[],"yoast_head":"<!-- This site is optimized with the Yoast SEO plugin v20.0 - https:\/\/yoast.com\/wordpress\/plugins\/seo\/ -->\n<title>Kochwettbewerb am 04. \/ 05.03.2026 - Landesverband der K\u00f6che Bayern<\/title>\n<meta name=\"robots\" content=\"noindex, follow, max-snippet:-1, max-image-preview:large, max-video-preview:-1\" \/>\n<meta property=\"og:locale\" content=\"de_DE\" \/>\n<meta property=\"og:type\" content=\"article\" \/>\n<meta property=\"og:title\" content=\"Kochwettbewerb am 04. \/ 05.03.2026 - Landesverband der K\u00f6che Bayern\" \/>\n<meta property=\"og:description\" content=\"Hotelberufsschule Viechtach, Flurstra\u00dfe 14, 94234 Viechtach Die Euro-Toques Challenge ist ein Kochwettbewerb f\u00fcr den kulinarischen Nachwuchs. Fordern und f\u00f6rdern junger Talente steht bei diesem Wettbewerb im Vordergrund. Es geht darum, ein kreatives Sechs-G\u00e4nge-Men\u00fc aus sechs Fingerfood-Speisen f\u00fcr 15 Personen zuzubereiten, dabei muss einer der G\u00e4nge eine Suppe sein, einer ein s\u00fc\u00dfes Dessert. \u00a0\" \/>\n<meta property=\"og:url\" content=\"https:\/\/www.vkd.com\/lv-bayern\/events\/kochwettbewerb-am-04-05-03-2026\/\" \/>\n<meta property=\"og:site_name\" content=\"Landesverband der K\u00f6che Bayern\" \/>\n<meta property=\"og:image\" content=\"https:\/\/www.vkd.com\/lv-bayern\/wp-content\/uploads\/sites\/14\/2026\/01\/Screenshot-2026-01-12-103458.jpg\" \/>\n\t<meta property=\"og:image:width\" content=\"744\" \/>\n\t<meta property=\"og:image:height\" content=\"205\" \/>\n\t<meta property=\"og:image:type\" content=\"image\/jpeg\" \/>\n<meta name=\"twitter:card\" content=\"summary_large_image\" \/>\n<meta name=\"twitter:label1\" content=\"Gesch\u00e4tzte Lesezeit\" \/>\n\t<meta name=\"twitter:data1\" content=\"1\u00a0Minute\" \/>\n<script type=\"application\/ld+json\" class=\"yoast-schema-graph\">{\"@context\":\"https:\/\/schema.org\",\"@graph\":[{\"@type\":\"WebPage\",\"@id\":\"https:\/\/www.vkd.com\/lv-bayern\/events\/kochwettbewerb-am-04-05-03-2026\/\",\"url\":\"https:\/\/www.vkd.com\/lv-bayern\/events\/kochwettbewerb-am-04-05-03-2026\/\",\"name\":\"Kochwettbewerb am 04. \/ 05.03.2026 - Landesverband der K\u00f6che Bayern\",\"isPartOf\":{\"@id\":\"https:\/\/www.vkd.com\/lv-bayern\/#website\"},\"datePublished\":\"2026-01-12T09:13:47+00:00\",\"dateModified\":\"2026-01-12T09:13:47+00:00\",\"breadcrumb\":{\"@id\":\"https:\/\/www.vkd.com\/lv-bayern\/events\/kochwettbewerb-am-04-05-03-2026\/#breadcrumb\"},\"inLanguage\":\"de\",\"potentialAction\":[{\"@type\":\"ReadAction\",\"target\":[\"https:\/\/www.vkd.com\/lv-bayern\/events\/kochwettbewerb-am-04-05-03-2026\/\"]}]},{\"@type\":\"BreadcrumbList\",\"@id\":\"https:\/\/www.vkd.com\/lv-bayern\/events\/kochwettbewerb-am-04-05-03-2026\/#breadcrumb\",\"itemListElement\":[{\"@type\":\"ListItem\",\"position\":1,\"name\":\"Startseite\",\"item\":\"https:\/\/www.vkd.com\/lv-bayern\/\"},{\"@type\":\"ListItem\",\"position\":2,\"name\":\"Events\",\"item\":\"https:\/\/www.vkd.com\/lv-bayern\/events\/\"},{\"@type\":\"ListItem\",\"position\":3,\"name\":\"Kochwettbewerb am 04. \/ 05.03.2026\"}]},{\"@type\":\"WebSite\",\"@id\":\"https:\/\/www.vkd.com\/lv-bayern\/#website\",\"url\":\"https:\/\/www.vkd.com\/lv-bayern\/\",\"name\":\"Landesverband der K\u00f6che Bayern\",\"description\":\"Landesverband im Verband der K\u00f6che Deutschlands e.V.\",\"potentialAction\":[{\"@type\":\"SearchAction\",\"target\":{\"@type\":\"EntryPoint\",\"urlTemplate\":\"https:\/\/www.vkd.com\/lv-bayern\/?s={search_term_string}\"},\"query-input\":\"required name=search_term_string\"}],\"inLanguage\":\"de\"}]}<\/script>\n<!-- \/ Yoast SEO plugin. -->","yoast_head_json":{"title":"Kochwettbewerb am 04. \/ 05.03.2026 - Landesverband der K\u00f6che Bayern","robots":{"index":"noindex","follow":"follow","max-snippet":"max-snippet:-1","max-image-preview":"max-image-preview:large","max-video-preview":"max-video-preview:-1"},"og_locale":"de_DE","og_type":"article","og_title":"Kochwettbewerb am 04. \/ 05.03.2026 - Landesverband der K\u00f6che Bayern","og_description":"Hotelberufsschule Viechtach, Flurstra\u00dfe 14, 94234 Viechtach Die Euro-Toques Challenge ist ein Kochwettbewerb f\u00fcr den kulinarischen Nachwuchs. Fordern und f\u00f6rdern junger Talente steht bei diesem Wettbewerb im Vordergrund. Es geht darum, ein kreatives Sechs-G\u00e4nge-Men\u00fc aus sechs Fingerfood-Speisen f\u00fcr 15 Personen zuzubereiten, dabei muss einer der G\u00e4nge eine Suppe sein, einer ein s\u00fc\u00dfes Dessert. \u00a0","og_url":"https:\/\/www.vkd.com\/lv-bayern\/events\/kochwettbewerb-am-04-05-03-2026\/","og_site_name":"Landesverband der K\u00f6che Bayern","og_image":[{"width":744,"height":205,"url":"https:\/\/www.vkd.com\/lv-bayern\/wp-content\/uploads\/sites\/14\/2026\/01\/Screenshot-2026-01-12-103458.jpg","type":"image\/jpeg"}],"twitter_card":"summary_large_image","twitter_misc":{"Gesch\u00e4tzte Lesezeit":"1\u00a0Minute"},"schema":{"@context":"https:\/\/schema.org","@graph":[{"@type":"WebPage","@id":"https:\/\/www.vkd.com\/lv-bayern\/events\/kochwettbewerb-am-04-05-03-2026\/","url":"https:\/\/www.vkd.com\/lv-bayern\/events\/kochwettbewerb-am-04-05-03-2026\/","name":"Kochwettbewerb am 04. \/ 05.03.2026 - Landesverband der K\u00f6che Bayern","isPartOf":{"@id":"https:\/\/www.vkd.com\/lv-bayern\/#website"},"datePublished":"2026-01-12T09:13:47+00:00","dateModified":"2026-01-12T09:13:47+00:00","breadcrumb":{"@id":"https:\/\/www.vkd.com\/lv-bayern\/events\/kochwettbewerb-am-04-05-03-2026\/#breadcrumb"},"inLanguage":"de","potentialAction":[{"@type":"ReadAction","target":["https:\/\/www.vkd.com\/lv-bayern\/events\/kochwettbewerb-am-04-05-03-2026\/"]}]},{"@type":"BreadcrumbList","@id":"https:\/\/www.vkd.com\/lv-bayern\/events\/kochwettbewerb-am-04-05-03-2026\/#breadcrumb","itemListElement":[{"@type":"ListItem","position":1,"name":"Startseite","item":"https:\/\/www.vkd.com\/lv-bayern\/"},{"@type":"ListItem","position":2,"name":"Events","item":"https:\/\/www.vkd.com\/lv-bayern\/events\/"},{"@type":"ListItem","position":3,"name":"Kochwettbewerb am 04. \/ 05.03.2026"}]},{"@type":"WebSite","@id":"https:\/\/www.vkd.com\/lv-bayern\/#website","url":"https:\/\/www.vkd.com\/lv-bayern\/","name":"Landesverband der K\u00f6che Bayern","description":"Landesverband im Verband der K\u00f6che Deutschlands e.V.","potentialAction":[{"@type":"SearchAction","target":{"@type":"EntryPoint","urlTemplate":"https:\/\/www.vkd.com\/lv-bayern\/?s={search_term_string}"},"query-input":"required name=search_term_string"}],"inLanguage":"de"}]}},"_links":{"self":[{"href":"https:\/\/www.vkd.com\/lv-bayern\/wp-json\/wp\/v2\/events\/2047"}],"collection":[{"href":"https:\/\/www.vkd.com\/lv-bayern\/wp-json\/wp\/v2\/events"}],"about":[{"href":"https:\/\/www.vkd.com\/lv-bayern\/wp-json\/wp\/v2\/types\/events"}],"wp:featuredmedia":[{"embeddable":true,"href":"https:\/\/www.vkd.com\/lv-bayern\/wp-json\/wp\/v2\/media\/2048"}],"wp:attachment":[{"href":"https:\/\/www.vkd.com\/lv-bayern\/wp-json\/wp\/v2\/media?parent=2047"}],"curies":[{"name":"wp","href":"https:\/\/api.w.org\/{rel}","templated":true}]}}

<p><strong>Hotelberufsschule Viechtach, Flurstraße 14, 94234 Viechtach</p>
<p></strong></p>
<p>Die Euro-Toques Challenge ist ein Kochwettbewerb für den kulinarischen Nachwuchs. Fordern und fördern junger Talente steht bei diesem Wettbewerb im Vordergrund. Es geht darum, ein kreatives Sechs-Gänge-Menü aus sechs Fingerfood-Speisen für 15 Personen zuzubereiten, dabei muss einer der Gänge eine Suppe sein, einer ein süßes Dessert.</p>
<p><strong> </strong></p>

<!-- This site is optimized with the Yoast SEO plugin v20.0 - https://yoast.com/wordpress/plugins/seo/ -->
<title>Kochwettbewerb am 04. / 05.03.2026 - Landesverband der Köche Bayern</title>
<meta name="robots" content="noindex, follow, max-snippet:-1, max-image-preview:large, max-video-preview:-1" />
<meta property="og:locale" content="de_DE" />
<meta property="og:type" content="article" />
<meta property="og:title" content="Kochwettbewerb am 04. / 05.03.2026 - Landesverband der Köche Bayern" />
<meta property="og:description" content="Hotelberufsschule Viechtach, Flurstraße 14, 94234 Viechtach Die Euro-Toques Challenge ist ein Kochwettbewerb für den kulinarischen Nachwuchs. Fordern und fördern junger Talente steht bei diesem Wettbewerb im Vordergrund. Es geht darum, ein kreatives Sechs-Gänge-Menü aus sechs Fingerfood-Speisen für 15 Personen zuzubereiten, dabei muss einer der Gänge eine Suppe sein, einer ein süßes Dessert.  " />
<meta property="og:url" content="https://www.vkd.com/lv-bayern/events/kochwettbewerb-am-04-05-03-2026/" />
<meta property="og:site_name" content="Landesverband der Köche Bayern" />
<meta property="og:image" content="https://www.vkd.com/lv-bayern/wp-content/uploads/sites/14/2026/01/Screenshot-2026-01-12-103458.jpg" />
	<meta property="og:image:width" content="744" />
	<meta property="og:image:height" content="205" />
	<meta property="og:image:type" content="image/jpeg" />
<meta name="twitter:card" content="summary_large_image" />
<meta name="twitter:label1" content="Geschätzte Lesezeit" />
	<meta name="twitter:data1" content="1 Minute" />
<script type="application/ld+json" class="yoast-schema-graph">{"@context":"https://schema.org","@graph":[{"@type":"WebPage","@id":"https://www.vkd.com/lv-bayern/events/kochwettbewerb-am-04-05-03-2026/","url":"https://www.vkd.com/lv-bayern/events/kochwettbewerb-am-04-05-03-2026/","name":"Kochwettbewerb am 04. / 05.03.2026 - Landesverband der Köche Bayern","isPartOf":{"@id":"https://www.vkd.com/lv-bayern/#website"},"datePublished":"2026-01-12T09:13:47+00:00","dateModified":"2026-01-12T09:13:47+00:00","breadcrumb":{"@id":"https://www.vkd.com/lv-bayern/events/kochwettbewerb-am-04-05-03-2026/#breadcrumb"},"inLanguage":"de","potentialAction":[{"@type":"ReadAction","target":["https://www.vkd.com/lv-bayern/events/kochwettbewerb-am-04-05-03-2026/"]}]},{"@type":"BreadcrumbList","@id":"https://www.vkd.com/lv-bayern/events/kochwettbewerb-am-04-05-03-2026/#breadcrumb","itemListElement":[{"@type":"ListItem","position":1,"name":"Startseite","item":"https://www.vkd.com/lv-bayern/"},{"@type":"ListItem","position":2,"name":"Events","item":"https://www.vkd.com/lv-bayern/events/"},{"@type":"ListItem","position":3,"name":"Kochwettbewerb am 04. / 05.03.2026"}]},{"@type":"WebSite","@id":"https://www.vkd.com/lv-bayern/#website","url":"https://www.vkd.com/lv-bayern/","name":"Landesverband der Köche Bayern","description":"Landesverband im Verband der Köche Deutschlands e.V.","potentialAction":[{"@type":"SearchAction","target":{"@type":"EntryPoint","urlTemplate":"https://www.vkd.com/lv-bayern/?s={search_term_string}"},"query-input":"required name=search_term_string"}],"inLanguage":"de"}]}</script>
<!-- / Yoast SEO plugin. -->

Kochwettbewerb am 04. / 05.03.2026 - Landesverband der Köche Bayern

Hotelberufsschule Viechtach, Flurstraße 14, 94234 Viechtach Die Euro-Toques Challenge ist ein Kochwettbewerb für den kulinarischen Nachwuchs. Fordern und fördern junger Talente steht bei diesem Wettbewerb im Vordergrund. Es geht darum, ein kreatives Sechs-Gänge-Menü aus sechs Fingerfood-Speisen für 15 Personen zuzubereiten, dabei muss einer der Gänge eine Suppe sein, einer ein süßes Dessert.

Landesverband der Köche Bayern

Landesverband im Verband der Köche Deutschlands e.V.
