{"id":2006,"date":"2025-12-08T17:31:54","date_gmt":"2025-12-08T16:31:54","guid":{"rendered":"https:\/\/www.vkd.com\/lv-bayern\/?post_type=events&#038;p=2006"},"modified":"2025-12-08T17:33:11","modified_gmt":"2025-12-08T16:33:11","slug":"2006","status":"publish","type":"events","link":"https:\/\/www.vkd.com\/lv-bayern\/events\/2006\/","title":{"rendered":"Christkindlmarkt-Treff &#8211; K\u00f6cheverein Inn-Salzach e.V."},"content":{"rendered":"<p><strong>Liebe Kolleginnen und Kollegen,<\/strong><br \/>\n<strong>liebe K\u00f6chevereinsmitglieder,<\/strong><br \/>\n<strong>liebe K\u00f6chefamilien, Azubis und Freunde der wei\u00dfen Zunft,<\/strong><\/p>\n<p>&#8230;&#8220;im goldenen Buch des Nikolaus steht f\u00fcr den K\u00f6cheverein Inn-Salzach e.V. geschrieben&#8220;&#8230;<\/p>\n<p>ihr K\u00f6che alle hier im Land<br \/>\nin einer Woche &#8211; geben wir hiermit bekannt<\/p>\n<p>ist unser allzeit beliebter Christkindlmarkt-Treff<br \/>\nes stand ja auch in unserer K\u00f6cheWhatsApp<\/p>\n<p>ein &#8222;k\u00f6chelnder&#8220; Nachmittag steht uns bevor<br \/>\nauf dem Alt\u00f6ttinger Christkindlmarkt gleich direkt am Tor<\/p>\n<p><strong>am Montag, den 15. Dezember um 16 Uhr<\/strong><br \/>\n<strong>beim Str\u00f6llStand &#8211; traditionell &#8211; unter der Stiftskirchenuhr<\/strong><\/p>\n<p>bei Kaffee, Gl\u00fchwein, Punsch und Pl\u00e4tzchen<br \/>\ntreffen wir uns zu einem &#8222;k\u00f6chelndes&#8220; Schw\u00e4tzchen<\/p>\n<p>in kollegialer Runde das K\u00f6chevereinsjahr beschlie\u00dfen<br \/>\nund miteinander adventliche Stunden ohne Stress genie\u00dfen<\/p>\n<p>wir w\u00fcnschen der ganzen Inn-Salzacher K\u00f6cheschar<br \/>\nFr\u00f6hliche Weihnachten und bis zum n\u00e4chsten Jahr<\/p>\n<p>im Januar wird es dann wieder was geben<br \/>\nunser Neujahrsempfang und &#8211; nat\u00fcrlich &#8222;etwas zum heben&#8220;<\/p>\n<p><strong>Mit herzlichen &#8222;k\u00f6chelnden&#8220; Adventsgr\u00fc\u00dfen<\/strong><br \/>\n<strong>&#8222;der Nikolaus&#8220; und die Vorstandschaft unseres K\u00f6cheverein Inn-Salzach e.V.<\/strong><\/p>\n<p>&nbsp;<\/p>\n","protected":false},"featured_media":834,"template":"","meta":[],"yoast_head":"<!-- This site is optimized with the Yoast SEO plugin v20.0 - https:\/\/yoast.com\/wordpress\/plugins\/seo\/ -->\n<title>Christkindlmarkt-Treff - K\u00f6cheverein Inn-Salzach e.V. - Landesverband der K\u00f6che Bayern<\/title>\n<meta name=\"robots\" content=\"noindex, follow, max-snippet:-1, max-image-preview:large, max-video-preview:-1\" \/>\n<meta property=\"og:locale\" content=\"de_DE\" \/>\n<meta property=\"og:type\" content=\"article\" \/>\n<meta property=\"og:title\" content=\"Christkindlmarkt-Treff - K\u00f6cheverein Inn-Salzach e.V. - Landesverband der K\u00f6che Bayern\" \/>\n<meta property=\"og:description\" content=\"Liebe Kolleginnen und Kollegen, liebe K\u00f6chevereinsmitglieder, liebe K\u00f6chefamilien, Azubis und Freunde der wei\u00dfen Zunft, &#8230;&#8220;im goldenen Buch des Nikolaus steht f\u00fcr den K\u00f6cheverein Inn-Salzach e.V. geschrieben&#8220;&#8230; ihr K\u00f6che alle hier im Land in einer Woche &#8211; geben wir hiermit bekannt ist unser allzeit beliebter Christkindlmarkt-Treff es stand ja auch in unserer K\u00f6cheWhatsApp ein &#8222;k\u00f6chelnder&#8220; Nachmittag...\" \/>\n<meta property=\"og:url\" content=\"https:\/\/www.vkd.com\/lv-bayern\/events\/2006\/\" \/>\n<meta property=\"og:site_name\" content=\"Landesverband der K\u00f6che Bayern\" \/>\n<meta property=\"article:modified_time\" content=\"2025-12-08T16:33:11+00:00\" \/>\n<meta property=\"og:image\" content=\"https:\/\/www.vkd.com\/lv-bayern\/wp-content\/uploads\/sites\/14\/2024\/09\/Logoklein.jpg\" \/>\n\t<meta property=\"og:image:width\" content=\"328\" \/>\n\t<meta property=\"og:image:height\" content=\"382\" \/>\n\t<meta property=\"og:image:type\" content=\"image\/jpeg\" \/>\n<meta name=\"twitter:card\" content=\"summary_large_image\" \/>\n<meta name=\"twitter:label1\" content=\"Gesch\u00e4tzte Lesezeit\" \/>\n\t<meta name=\"twitter:data1\" content=\"1\u00a0Minute\" \/>\n<script type=\"application\/ld+json\" class=\"yoast-schema-graph\">{\"@context\":\"https:\/\/schema.org\",\"@graph\":[{\"@type\":\"WebPage\",\"@id\":\"https:\/\/www.vkd.com\/lv-bayern\/events\/2006\/\",\"url\":\"https:\/\/www.vkd.com\/lv-bayern\/events\/2006\/\",\"name\":\"Christkindlmarkt-Treff - K\u00f6cheverein Inn-Salzach e.V. - Landesverband der K\u00f6che Bayern\",\"isPartOf\":{\"@id\":\"https:\/\/www.vkd.com\/lv-bayern\/#website\"},\"datePublished\":\"2025-12-08T16:31:54+00:00\",\"dateModified\":\"2025-12-08T16:33:11+00:00\",\"breadcrumb\":{\"@id\":\"https:\/\/www.vkd.com\/lv-bayern\/events\/2006\/#breadcrumb\"},\"inLanguage\":\"de\",\"potentialAction\":[{\"@type\":\"ReadAction\",\"target\":[\"https:\/\/www.vkd.com\/lv-bayern\/events\/2006\/\"]}]},{\"@type\":\"BreadcrumbList\",\"@id\":\"https:\/\/www.vkd.com\/lv-bayern\/events\/2006\/#breadcrumb\",\"itemListElement\":[{\"@type\":\"ListItem\",\"position\":1,\"name\":\"Startseite\",\"item\":\"https:\/\/www.vkd.com\/lv-bayern\/\"},{\"@type\":\"ListItem\",\"position\":2,\"name\":\"Events\",\"item\":\"https:\/\/www.vkd.com\/lv-bayern\/events\/\"},{\"@type\":\"ListItem\",\"position\":3,\"name\":\"Christkindlmarkt-Treff &#8211; K\u00f6cheverein Inn-Salzach e.V.\"}]},{\"@type\":\"WebSite\",\"@id\":\"https:\/\/www.vkd.com\/lv-bayern\/#website\",\"url\":\"https:\/\/www.vkd.com\/lv-bayern\/\",\"name\":\"Landesverband der K\u00f6che Bayern\",\"description\":\"Landesverband im Verband der K\u00f6che Deutschlands e.V.\",\"potentialAction\":[{\"@type\":\"SearchAction\",\"target\":{\"@type\":\"EntryPoint\",\"urlTemplate\":\"https:\/\/www.vkd.com\/lv-bayern\/?s={search_term_string}\"},\"query-input\":\"required name=search_term_string\"}],\"inLanguage\":\"de\"}]}<\/script>\n<!-- \/ Yoast SEO plugin. -->","yoast_head_json":{"title":"Christkindlmarkt-Treff - K\u00f6cheverein Inn-Salzach e.V. - Landesverband der K\u00f6che Bayern","robots":{"index":"noindex","follow":"follow","max-snippet":"max-snippet:-1","max-image-preview":"max-image-preview:large","max-video-preview":"max-video-preview:-1"},"og_locale":"de_DE","og_type":"article","og_title":"Christkindlmarkt-Treff - K\u00f6cheverein Inn-Salzach e.V. - Landesverband der K\u00f6che Bayern","og_description":"Liebe Kolleginnen und Kollegen, liebe K\u00f6chevereinsmitglieder, liebe K\u00f6chefamilien, Azubis und Freunde der wei\u00dfen Zunft, &#8230;&#8220;im goldenen Buch des Nikolaus steht f\u00fcr den K\u00f6cheverein Inn-Salzach e.V. geschrieben&#8220;&#8230; ihr K\u00f6che alle hier im Land in einer Woche &#8211; geben wir hiermit bekannt ist unser allzeit beliebter Christkindlmarkt-Treff es stand ja auch in unserer K\u00f6cheWhatsApp ein &#8222;k\u00f6chelnder&#8220; Nachmittag...","og_url":"https:\/\/www.vkd.com\/lv-bayern\/events\/2006\/","og_site_name":"Landesverband der K\u00f6che Bayern","article_modified_time":"2025-12-08T16:33:11+00:00","og_image":[{"width":328,"height":382,"url":"https:\/\/www.vkd.com\/lv-bayern\/wp-content\/uploads\/sites\/14\/2024\/09\/Logoklein.jpg","type":"image\/jpeg"}],"twitter_card":"summary_large_image","twitter_misc":{"Gesch\u00e4tzte Lesezeit":"1\u00a0Minute"},"schema":{"@context":"https:\/\/schema.org","@graph":[{"@type":"WebPage","@id":"https:\/\/www.vkd.com\/lv-bayern\/events\/2006\/","url":"https:\/\/www.vkd.com\/lv-bayern\/events\/2006\/","name":"Christkindlmarkt-Treff - K\u00f6cheverein Inn-Salzach e.V. - Landesverband der K\u00f6che Bayern","isPartOf":{"@id":"https:\/\/www.vkd.com\/lv-bayern\/#website"},"datePublished":"2025-12-08T16:31:54+00:00","dateModified":"2025-12-08T16:33:11+00:00","breadcrumb":{"@id":"https:\/\/www.vkd.com\/lv-bayern\/events\/2006\/#breadcrumb"},"inLanguage":"de","potentialAction":[{"@type":"ReadAction","target":["https:\/\/www.vkd.com\/lv-bayern\/events\/2006\/"]}]},{"@type":"BreadcrumbList","@id":"https:\/\/www.vkd.com\/lv-bayern\/events\/2006\/#breadcrumb","itemListElement":[{"@type":"ListItem","position":1,"name":"Startseite","item":"https:\/\/www.vkd.com\/lv-bayern\/"},{"@type":"ListItem","position":2,"name":"Events","item":"https:\/\/www.vkd.com\/lv-bayern\/events\/"},{"@type":"ListItem","position":3,"name":"Christkindlmarkt-Treff &#8211; K\u00f6cheverein Inn-Salzach e.V."}]},{"@type":"WebSite","@id":"https:\/\/www.vkd.com\/lv-bayern\/#website","url":"https:\/\/www.vkd.com\/lv-bayern\/","name":"Landesverband der K\u00f6che Bayern","description":"Landesverband im Verband der K\u00f6che Deutschlands e.V.","potentialAction":[{"@type":"SearchAction","target":{"@type":"EntryPoint","urlTemplate":"https:\/\/www.vkd.com\/lv-bayern\/?s={search_term_string}"},"query-input":"required name=search_term_string"}],"inLanguage":"de"}]}},"_links":{"self":[{"href":"https:\/\/www.vkd.com\/lv-bayern\/wp-json\/wp\/v2\/events\/2006"}],"collection":[{"href":"https:\/\/www.vkd.com\/lv-bayern\/wp-json\/wp\/v2\/events"}],"about":[{"href":"https:\/\/www.vkd.com\/lv-bayern\/wp-json\/wp\/v2\/types\/events"}],"wp:featuredmedia":[{"embeddable":true,"href":"https:\/\/www.vkd.com\/lv-bayern\/wp-json\/wp\/v2\/media\/834"}],"wp:attachment":[{"href":"https:\/\/www.vkd.com\/lv-bayern\/wp-json\/wp\/v2\/media?parent=2006"}],"curies":[{"name":"wp","href":"https:\/\/api.w.org\/{rel}","templated":true}]}}

Christkindlmarkt-Treff &#8211; Köcheverein Inn-Salzach e.V.

<p><strong>Liebe Kolleginnen und Kollegen,</strong><br />
<strong>liebe Köchevereinsmitglieder,</strong><br />
<strong>liebe Köchefamilien, Azubis und Freunde der weißen Zunft,</strong></p>
<p>&#8230;&#8220;im goldenen Buch des Nikolaus steht für den Köcheverein Inn-Salzach e.V. geschrieben&#8220;&#8230;</p>
<p>ihr Köche alle hier im Land<br />
in einer Woche &#8211; geben wir hiermit bekannt</p>
<p>ist unser allzeit beliebter Christkindlmarkt-Treff<br />
es stand ja auch in unserer KöcheWhatsApp</p>
<p>ein &#8222;köchelnder&#8220; Nachmittag steht uns bevor<br />
auf dem Altöttinger Christkindlmarkt gleich direkt am Tor</p>
<p><strong>am Montag, den 15. Dezember um 16 Uhr</strong><br />
<strong>beim StröllStand &#8211; traditionell &#8211; unter der Stiftskirchenuhr</strong></p>
<p>bei Kaffee, Glühwein, Punsch und Plätzchen<br />
treffen wir uns zu einem &#8222;köchelndes&#8220; Schwätzchen</p>
<p>in kollegialer Runde das Köchevereinsjahr beschließen<br />
und miteinander adventliche Stunden ohne Stress genießen</p>
<p>wir wünschen der ganzen Inn-Salzacher Köcheschar<br />
Fröhliche Weihnachten und bis zum nächsten Jahr</p>
<p>im Januar wird es dann wieder was geben<br />
unser Neujahrsempfang und &#8211; natürlich &#8222;etwas zum heben&#8220;</p>
<p><strong>Mit herzlichen &#8222;köchelnden&#8220; Adventsgrüßen</strong><br />
<strong>&#8222;der Nikolaus&#8220; und die Vorstandschaft unseres Köcheverein Inn-Salzach e.V.</strong></p>
<p>&nbsp;</p>

<!-- This site is optimized with the Yoast SEO plugin v20.0 - https://yoast.com/wordpress/plugins/seo/ -->
<title>Christkindlmarkt-Treff - Köcheverein Inn-Salzach e.V. - Landesverband der Köche Bayern</title>
<meta name="robots" content="noindex, follow, max-snippet:-1, max-image-preview:large, max-video-preview:-1" />
<meta property="og:locale" content="de_DE" />
<meta property="og:type" content="article" />
<meta property="og:title" content="Christkindlmarkt-Treff - Köcheverein Inn-Salzach e.V. - Landesverband der Köche Bayern" />
<meta property="og:description" content="Liebe Kolleginnen und Kollegen, liebe Köchevereinsmitglieder, liebe Köchefamilien, Azubis und Freunde der weißen Zunft, &#8230;&#8220;im goldenen Buch des Nikolaus steht für den Köcheverein Inn-Salzach e.V. geschrieben&#8220;&#8230; ihr Köche alle hier im Land in einer Woche &#8211; geben wir hiermit bekannt ist unser allzeit beliebter Christkindlmarkt-Treff es stand ja auch in unserer KöcheWhatsApp ein &#8222;köchelnder&#8220; Nachmittag..." />
<meta property="og:url" content="https://www.vkd.com/lv-bayern/events/2006/" />
<meta property="og:site_name" content="Landesverband der Köche Bayern" />
<meta property="article:modified_time" content="2025-12-08T16:33:11+00:00" />
<meta property="og:image" content="https://www.vkd.com/lv-bayern/wp-content/uploads/sites/14/2024/09/Logoklein.jpg" />
	<meta property="og:image:width" content="328" />
	<meta property="og:image:height" content="382" />
	<meta property="og:image:type" content="image/jpeg" />
<meta name="twitter:card" content="summary_large_image" />
<meta name="twitter:label1" content="Geschätzte Lesezeit" />
	<meta name="twitter:data1" content="1 Minute" />
<script type="application/ld+json" class="yoast-schema-graph">{"@context":"https://schema.org","@graph":[{"@type":"WebPage","@id":"https://www.vkd.com/lv-bayern/events/2006/","url":"https://www.vkd.com/lv-bayern/events/2006/","name":"Christkindlmarkt-Treff - Köcheverein Inn-Salzach e.V. - Landesverband der Köche Bayern","isPartOf":{"@id":"https://www.vkd.com/lv-bayern/#website"},"datePublished":"2025-12-08T16:31:54+00:00","dateModified":"2025-12-08T16:33:11+00:00","breadcrumb":{"@id":"https://www.vkd.com/lv-bayern/events/2006/#breadcrumb"},"inLanguage":"de","potentialAction":[{"@type":"ReadAction","target":["https://www.vkd.com/lv-bayern/events/2006/"]}]},{"@type":"BreadcrumbList","@id":"https://www.vkd.com/lv-bayern/events/2006/#breadcrumb","itemListElement":[{"@type":"ListItem","position":1,"name":"Startseite","item":"https://www.vkd.com/lv-bayern/"},{"@type":"ListItem","position":2,"name":"Events","item":"https://www.vkd.com/lv-bayern/events/"},{"@type":"ListItem","position":3,"name":"Christkindlmarkt-Treff &#8211; Köcheverein Inn-Salzach e.V."}]},{"@type":"WebSite","@id":"https://www.vkd.com/lv-bayern/#website","url":"https://www.vkd.com/lv-bayern/","name":"Landesverband der Köche Bayern","description":"Landesverband im Verband der Köche Deutschlands e.V.","potentialAction":[{"@type":"SearchAction","target":{"@type":"EntryPoint","urlTemplate":"https://www.vkd.com/lv-bayern/?s={search_term_string}"},"query-input":"required name=search_term_string"}],"inLanguage":"de"}]}</script>
<!-- / Yoast SEO plugin. -->

Christkindlmarkt-Treff - Köcheverein Inn-Salzach e.V. - Landesverband der Köche Bayern

Liebe Kolleginnen und Kollegen, liebe Köchevereinsmitglieder, liebe Köchefamilien, Azubis und Freunde der weißen Zunft, &#8230;&#8220;im goldenen Buch des Nikolaus steht für den Köcheverein Inn-Salzach e.V. geschrieben&#8220;&#8230; ihr Köche alle hier im Land in einer Woche &#8211; geben wir hiermit bekannt ist unser allzeit beliebter Christkindlmarkt-Treff es stand ja auch in unserer KöcheWhatsApp ein &#8222;köchelnder&#8220; Nachmittag...

Landesverband der Köche Bayern

Landesverband im Verband der Köche Deutschlands e.V.
