{"version":"1.0","provider_name":"Landesverband der K\u00f6che Bayern","provider_url":"https:\/\/www.vkd.com\/lv-bayern","author_name":"Kostadinov Alexander","author_url":"https:\/\/www.vkd.com\/lv-bayern\/news\/author\/gentscher-jungentscher-de\/","title":"Satzungs\u00e4nderung - Handout f\u00fcr alle ZV-Vorsitzenden - Landesverband der K\u00f6che Bayern","type":"rich","width":600,"height":338,"html":"<blockquote class=\"wp-embedded-content\" data-secret=\"ix3tmM3edp\"><a href=\"https:\/\/www.vkd.com\/lv-bayern\/news\/satzungsaenderung-handout-fuer-alle-zv-vorsitzenden\/\">Satzungs\u00e4nderung &#8211; Handout f\u00fcr alle ZV-Vorsitzenden<\/a><\/blockquote><iframe sandbox=\"allow-scripts\" security=\"restricted\" src=\"https:\/\/www.vkd.com\/lv-bayern\/news\/satzungsaenderung-handout-fuer-alle-zv-vorsitzenden\/embed\/#?secret=ix3tmM3edp\" width=\"600\" height=\"338\" title=\"&#8222;Satzungs\u00e4nderung &#8211; Handout f\u00fcr alle ZV-Vorsitzenden&#8220; &#8211; Landesverband der K\u00f6che Bayern\" data-secret=\"ix3tmM3edp\" frameborder=\"0\" marginwidth=\"0\" marginheight=\"0\" scrolling=\"no\" class=\"wp-embedded-content\"><\/iframe><script type=\"text\/javascript\">\n\/*! This file is auto-generated *\/\n!function(c,d){\"use strict\";var e=!1,o=!1;if(d.querySelector)if(c.addEventListener)e=!0;if(c.wp=c.wp||{},c.wp.receiveEmbedMessage);else if(c.wp.receiveEmbedMessage=function(e){var t=e.data;if(!t);else if(!(t.secret||t.message||t.value));else if(\/[^a-zA-Z0-9]\/.test(t.secret));else{for(var r,s,a,i=d.querySelectorAll('iframe[data-secret=\"'+t.secret+'\"]'),n=d.querySelectorAll('blockquote[data-secret=\"'+t.secret+'\"]'),o=new RegExp(\"^https?:$\",\"i\"),l=0;l<n.length;l++)n[l].style.display=\"none\";for(l=0;l<i.length;l++)if(r=i[l],e.source!==r.contentWindow);else{if(r.removeAttribute(\"style\"),\"height\"===t.message){if(1e3<(s=parseInt(t.value,10)))s=1e3;else if(~~s<200)s=200;r.height=s}if(\"link\"===t.message)if(s=d.createElement(\"a\"),a=d.createElement(\"a\"),s.href=r.getAttribute(\"src\"),a.href=t.value,!o.test(a.protocol));else if(a.host===s.host)if(d.activeElement===r)c.top.location.href=t.value}}},e)c.addEventListener(\"message\",c.wp.receiveEmbedMessage,!1),d.addEventListener(\"DOMContentLoaded\",t,!1),c.addEventListener(\"load\",t,!1);function t(){if(o);else{o=!0;for(var e,t,r,s=-1!==navigator.appVersion.indexOf(\"MSIE 10\"),a=!!navigator.userAgent.match(\/Trident.*rv:11\\.\/),i=d.querySelectorAll(\"iframe.wp-embedded-content\"),n=0;n<i.length;n++){if(!(r=(t=i[n]).getAttribute(\"data-secret\")))r=Math.random().toString(36).substr(2,10),t.src+=\"#?secret=\"+r,t.setAttribute(\"data-secret\",r);if(s||a)(e=t.cloneNode(!0)).removeAttribute(\"security\"),t.parentNode.replaceChild(e,t);t.contentWindow.postMessage({message:\"ready\",secret:r},\"*\")}}}}(window,document);\n<\/script>\n","thumbnail_url":"https:\/\/www.vkd.com\/lv-bayern\/wp-content\/uploads\/sites\/14\/2022\/02\/logo-beispiel.png","thumbnail_width":250,"thumbnail_height":250,"description":"Liebe Mitglieder des Landesverbands Bayern, liebe Mitglieder aller Bayerischen Zweigvereine, anbei finden Sie das erarbeitete Handout zur geplanten Satzungs\u00e4nderung in Abstimmung mit, f\u00fcr uns zust\u00e4ndigen Vizepr\u00e4sidenten Joachim Elflein. R\u00fcckfragen und Anmerkungen und weitere W\u00fcnsche m\u00fcssen ausschlie\u00dflich \u00fcber die Gesch\u00e4ftsstelle in Frankfurt erfolgen. Hier nehmen Sie bitte Kontakt mit Frau Laun auf. Besten Dank. Mit kollegialen..."}

Landesverband der Köche Bayern

Satzungsänderung - Handout für alle ZV-Vorsitzenden - Landesverband der Köche Bayern

<blockquote class="wp-embedded-content" data-secret="ix3tmM3edp"><a href="https://www.vkd.com/lv-bayern/news/satzungsaenderung-handout-fuer-alle-zv-vorsitzenden/">Satzungsänderung &#8211; Handout für alle ZV-Vorsitzenden</a></blockquote><iframe sandbox="allow-scripts" security="restricted" src="https://www.vkd.com/lv-bayern/news/satzungsaenderung-handout-fuer-alle-zv-vorsitzenden/embed/#?secret=ix3tmM3edp" width="600" height="338" title="&#8222;Satzungsänderung &#8211; Handout für alle ZV-Vorsitzenden&#8220; &#8211; Landesverband der Köche Bayern" data-secret="ix3tmM3edp" frameborder="0" marginwidth="0" marginheight="0" scrolling="no" class="wp-embedded-content"></iframe><script type="text/javascript">
/*! This file is auto-generated */
!function(c,d){"use strict";var e=!1,o=!1;if(d.querySelector)if(c.addEventListener)e=!0;if(c.wp=c.wp||{},c.wp.receiveEmbedMessage);else if(c.wp.receiveEmbedMessage=function(e){var t=e.data;if(!t);else if(!(t.secret||t.message||t.value));else if(/[^a-zA-Z0-9]/.test(t.secret));else{for(var r,s,a,i=d.querySelectorAll('iframe[data-secret="'+t.secret+'"]'),n=d.querySelectorAll('blockquote[data-secret="'+t.secret+'"]'),o=new RegExp("^https?:$","i"),l=0;l<n.length;l++)n[l].style.display="none";for(l=0;l<i.length;l++)if(r=i[l],e.source!==r.contentWindow);else{if(r.removeAttribute("style"),"height"===t.message){if(1e3<(s=parseInt(t.value,10)))s=1e3;else if(~~s<200)s=200;r.height=s}if("link"===t.message)if(s=d.createElement("a"),a=d.createElement("a"),s.href=r.getAttribute("src"),a.href=t.value,!o.test(a.protocol));else if(a.host===s.host)if(d.activeElement===r)c.top.location.href=t.value}}},e)c.addEventListener("message",c.wp.receiveEmbedMessage,!1),d.addEventListener("DOMContentLoaded",t,!1),c.addEventListener("load",t,!1);function t(){if(o);else{o=!0;for(var e,t,r,s=-1!==navigator.appVersion.indexOf("MSIE 10"),a=!!navigator.userAgent.match(/Trident.*rv:11\./),i=d.querySelectorAll("iframe.wp-embedded-content"),n=0;n<i.length;n++){if(!(r=(t=i[n]).getAttribute("data-secret")))r=Math.random().toString(36).substr(2,10),t.src+="#?secret="+r,t.setAttribute("data-secret",r);if(s||a)(e=t.cloneNode(!0)).removeAttribute("security"),t.parentNode.replaceChild(e,t);t.contentWindow.postMessage({message:"ready",secret:r},"*")}}}}(window,document);
</script>

Liebe Mitglieder des Landesverbands Bayern, liebe Mitglieder aller Bayerischen Zweigvereine, anbei finden Sie das erarbeitete Handout zur geplanten Satzungsänderung in Abstimmung mit, für uns zuständigen Vizepräsidenten Joachim Elflein. Rückfragen und Anmerkungen und weitere Wünsche müssen ausschließlich über die Geschäftsstelle in Frankfurt erfolgen. Hier nehmen Sie bitte Kontakt mit Frau Laun auf. Besten Dank. Mit kollegialen...
