{"version":"1.0","provider_name":"Landesverband der K\u00f6che Bayern","provider_url":"https:\/\/www.vkd.com\/lv-bayern","author_name":"Kostadinov Alexander","author_url":"https:\/\/www.vkd.com\/lv-bayern\/news\/author\/gentscher-jungentscher-de\/","title":"Abordnung vom K\u00f6cheverein Inn\/Salzach in Salzburg - Landesverband der K\u00f6che Bayern","type":"rich","width":600,"height":338,"html":"<blockquote class=\"wp-embedded-content\" data-secret=\"YgyXnLzCTg\"><a href=\"https:\/\/www.vkd.com\/lv-bayern\/news\/abordnung-vom-koecheverein-inn-salzach-in-salzburg\/\">Abordnung vom K\u00f6cheverein Inn\/Salzach in Salzburg<\/a><\/blockquote><iframe sandbox=\"allow-scripts\" security=\"restricted\" src=\"https:\/\/www.vkd.com\/lv-bayern\/news\/abordnung-vom-koecheverein-inn-salzach-in-salzburg\/embed\/#?secret=YgyXnLzCTg\" width=\"600\" height=\"338\" title=\"&#8222;Abordnung vom K\u00f6cheverein Inn\/Salzach in Salzburg&#8220; &#8211; Landesverband der K\u00f6che Bayern\" data-secret=\"YgyXnLzCTg\" frameborder=\"0\" marginwidth=\"0\" marginheight=\"0\" scrolling=\"no\" class=\"wp-embedded-content\"><\/iframe><script type=\"text\/javascript\">\n\/*! This file is auto-generated *\/\n!function(c,d){\"use strict\";var e=!1,o=!1;if(d.querySelector)if(c.addEventListener)e=!0;if(c.wp=c.wp||{},c.wp.receiveEmbedMessage);else if(c.wp.receiveEmbedMessage=function(e){var t=e.data;if(!t);else if(!(t.secret||t.message||t.value));else if(\/[^a-zA-Z0-9]\/.test(t.secret));else{for(var r,s,a,i=d.querySelectorAll('iframe[data-secret=\"'+t.secret+'\"]'),n=d.querySelectorAll('blockquote[data-secret=\"'+t.secret+'\"]'),o=new RegExp(\"^https?:$\",\"i\"),l=0;l<n.length;l++)n[l].style.display=\"none\";for(l=0;l<i.length;l++)if(r=i[l],e.source!==r.contentWindow);else{if(r.removeAttribute(\"style\"),\"height\"===t.message){if(1e3<(s=parseInt(t.value,10)))s=1e3;else if(~~s<200)s=200;r.height=s}if(\"link\"===t.message)if(s=d.createElement(\"a\"),a=d.createElement(\"a\"),s.href=r.getAttribute(\"src\"),a.href=t.value,!o.test(a.protocol));else if(a.host===s.host)if(d.activeElement===r)c.top.location.href=t.value}}},e)c.addEventListener(\"message\",c.wp.receiveEmbedMessage,!1),d.addEventListener(\"DOMContentLoaded\",t,!1),c.addEventListener(\"load\",t,!1);function t(){if(o);else{o=!0;for(var e,t,r,s=-1!==navigator.appVersion.indexOf(\"MSIE 10\"),a=!!navigator.userAgent.match(\/Trident.*rv:11\\.\/),i=d.querySelectorAll(\"iframe.wp-embedded-content\"),n=0;n<i.length;n++){if(!(r=(t=i[n]).getAttribute(\"data-secret\")))r=Math.random().toString(36).substr(2,10),t.src+=\"#?secret=\"+r,t.setAttribute(\"data-secret\",r);if(s||a)(e=t.cloneNode(!0)).removeAttribute(\"security\"),t.parentNode.replaceChild(e,t);t.contentWindow.postMessage({message:\"ready\",secret:r},\"*\")}}}}(window,document);\n<\/script>\n","thumbnail_url":"https:\/\/www.vkd.com\/lv-bayern\/wp-content\/uploads\/sites\/14\/2025\/08\/1000041938.png","thumbnail_width":1080,"thumbnail_height":707,"description":"Salzburg. Traditionell veranstalten die Salzburger K\u00f6che, allj\u00e4hrlich zu Ehren des heiligen Laurentius, der Schutzpatron der K\u00f6che ist, ein imposantes Fest. \u00dcber 200 K\u00f6che und K\u00f6chinnen aus den \u00f6sterreichischen Sektionen sowie der K\u00f6cheverein Inn\/Salzach nahmen am 36. Laurentiusfest in Salzburg teil. Um die Freundschaft der beiden K\u00f6che Vereine zu vertiefen, fuhr eine Abordnung des K\u00f6che Vereins..."}

Landesverband der Köche Bayern

Abordnung vom Köcheverein Inn/Salzach in Salzburg - Landesverband der Köche Bayern

<blockquote class="wp-embedded-content" data-secret="YgyXnLzCTg"><a href="https://www.vkd.com/lv-bayern/news/abordnung-vom-koecheverein-inn-salzach-in-salzburg/">Abordnung vom Köcheverein Inn/Salzach in Salzburg</a></blockquote><iframe sandbox="allow-scripts" security="restricted" src="https://www.vkd.com/lv-bayern/news/abordnung-vom-koecheverein-inn-salzach-in-salzburg/embed/#?secret=YgyXnLzCTg" width="600" height="338" title="&#8222;Abordnung vom Köcheverein Inn/Salzach in Salzburg&#8220; &#8211; Landesverband der Köche Bayern" data-secret="YgyXnLzCTg" frameborder="0" marginwidth="0" marginheight="0" scrolling="no" class="wp-embedded-content"></iframe><script type="text/javascript">
/*! This file is auto-generated */
!function(c,d){"use strict";var e=!1,o=!1;if(d.querySelector)if(c.addEventListener)e=!0;if(c.wp=c.wp||{},c.wp.receiveEmbedMessage);else if(c.wp.receiveEmbedMessage=function(e){var t=e.data;if(!t);else if(!(t.secret||t.message||t.value));else if(/[^a-zA-Z0-9]/.test(t.secret));else{for(var r,s,a,i=d.querySelectorAll('iframe[data-secret="'+t.secret+'"]'),n=d.querySelectorAll('blockquote[data-secret="'+t.secret+'"]'),o=new RegExp("^https?:$","i"),l=0;l<n.length;l++)n[l].style.display="none";for(l=0;l<i.length;l++)if(r=i[l],e.source!==r.contentWindow);else{if(r.removeAttribute("style"),"height"===t.message){if(1e3<(s=parseInt(t.value,10)))s=1e3;else if(~~s<200)s=200;r.height=s}if("link"===t.message)if(s=d.createElement("a"),a=d.createElement("a"),s.href=r.getAttribute("src"),a.href=t.value,!o.test(a.protocol));else if(a.host===s.host)if(d.activeElement===r)c.top.location.href=t.value}}},e)c.addEventListener("message",c.wp.receiveEmbedMessage,!1),d.addEventListener("DOMContentLoaded",t,!1),c.addEventListener("load",t,!1);function t(){if(o);else{o=!0;for(var e,t,r,s=-1!==navigator.appVersion.indexOf("MSIE 10"),a=!!navigator.userAgent.match(/Trident.*rv:11\./),i=d.querySelectorAll("iframe.wp-embedded-content"),n=0;n<i.length;n++){if(!(r=(t=i[n]).getAttribute("data-secret")))r=Math.random().toString(36).substr(2,10),t.src+="#?secret="+r,t.setAttribute("data-secret",r);if(s||a)(e=t.cloneNode(!0)).removeAttribute("security"),t.parentNode.replaceChild(e,t);t.contentWindow.postMessage({message:"ready",secret:r},"*")}}}}(window,document);
</script>

Salzburg. Traditionell veranstalten die Salzburger Köche, alljährlich zu Ehren des heiligen Laurentius, der Schutzpatron der Köche ist, ein imposantes Fest. Über 200 Köche und Köchinnen aus den österreichischen Sektionen sowie der Köcheverein Inn/Salzach nahmen am 36. Laurentiusfest in Salzburg teil. Um die Freundschaft der beiden Köche Vereine zu vertiefen, fuhr eine Abordnung des Köche Vereins...
